d 248.
31
Suppose -5*c + 4*d + 74 = 0, -3*c + 14*d + 46 = 12*d. What is the greatest common factor of c and 444?
6
Let b = 2876 + -2840. Calculate the highest common factor of b and 108.
36
Let y(g) = 4*g + 10. Let p be y(-1). Suppose 11583 = -p*b + 45*b. Calculate the highest common factor of b and 198.
99
Suppose -472*i - 105639 = -527*i + 159901. What is the highest common divisor of 68 and i?
68
Let l(k) = 23*k**2 + 145*k + 363. Let f be l(-53). Calculate the greatest common factor of 171 and f.
171
Let b = -7203 - -7293. What is the highest common factor of 4689 and b?
9
Let f = 16 + -15. Let j be 0*(f + (-5)/10). Let k be (-2)/(-1) - j - 380/(-10). Calculate the greatest common factor of k and 30.
10
Suppose 159*z - 560 = 151*z. Let t = 4 - 15. Let b be 55/4 + t/(-44). Calculate the greatest common divisor of z and b.
14
Let l(j) be the third derivative of j**5/12 + 9*j**4/8 + 4*j**3/3 - 123*j**2. Let w be l(-8). Calculate the highest common factor of 7 and w.
7
Let c be (-2 - (0 + 1))/(546/28 - 20). Suppose 2*v + 2*r + 3*r - 55 = 0, -4*r = -5*v + 154. What is the greatest common divisor of v and c?
6
Let w(r) = -7*r - 106. Let p be w(-16). Let c(b) = -b**3 + 10*b**2 - 16*b - 3. Let n be c(p). Calculate the greatest common divisor of n and 30.
15
Let k = -17 + 0. Let y(c) = c**2 + 19*c + 34. Let f be y(k). Suppose 0 = o - 4*r - 44, f*o + r = 2*o - 74. What is the greatest common factor of o and 6?
6
Let a(j) = -6*j**2 + 47*j - 22. Let x be a(6). Calculate the greatest common factor of x and 572.
44
Let h(i) = -i**2 + 9*i - 12. Suppose 18*f - 71 = 19. Let a be h(f). Calculate the greatest common factor of 40 and a.
8
Let p(j) = -92*j + 14. Let u be p(0). Let k = 8 - -34. Suppose -46 = -4*d - n + 38, 2*d + 2*n = k. What is the highest common factor of d and u?
7
Suppose -15451 = -4*x - 5*m, 5*x + 74*m - 19323 = 77*m. What is the greatest common divisor of 92 and x?
92
Let z = 8807 + -8798. Calculate the highest common divisor of z and 1509.
3
Suppose 7*d - 428 = -4*z + 5*d, 4*d + 548 = 5*z. Suppose 12*u - z = 3*u. Calculate the highest common divisor of 60 and u.
12
Suppose 882*u + 1980 = 887*u. What is the greatest common divisor of u and 54?
18
Suppose -384 = -14*y - 42*y + 624. Let u = 3 - -19. Let t = u + -16. Calculate the highest common factor of y and t.
6
Suppose -1222 = -2*l + 5*u - 337, -5*u = 2*l - 915. Calculate the highest common divisor of 234 and l.
18
Let v be (-6720)/(-864)*(2 + 88). Calculate the greatest common divisor of v and 80.
20
Let c = 23347 + -21599. What is the highest common divisor of c and 69?
23
Let z(j) be the second derivative of -j**5/20 - 3*j**4/2 - 5*j**3/2 + 19*j**2 - 2*j. Let l be z(-18). Calculate the highest common factor of l and 84.
28
Let h = -1910 + 2727. Calculate the highest common factor of h and 57.
19
Suppose 45*g + 83*g - 44617 = 181943. Calculate the highest common factor of g and 5.
5
Suppose 744 = -417*v + 420*v. Calculate the highest common factor of 8 and v.
8
Suppose -1444 - 6 = -50*s. What is the highest common divisor of s and 2668?
29
Suppose -x - 2*g = -17366, 2*g = 5*x - 58923 - 27967. What is the highest common factor of x and 96?
96
Let f = -29934 + 29949. Let v = -14 - -24. What is the greatest common factor of f and v?
5
Let u(k) = -2*k**3 - 5*k**2 + 3*k + 6. Let j be u(-6). Suppose -166 = -4*n - 5*s + j, 2 = -s. What is the highest common divisor of 8 and n?
8
Let x be (-2 + 45/(-20))/(6/(-1032)). What is the highest common divisor of x and 817?
43
Let y = 1 + -4. Let s be (y - 415)*2/(-4). Let f = -311 + 330. What is the greatest common factor of s and f?
19
Let a(o) = 22*o + 92. Let n be a(-3). Suppose 28*p = n*p + 220. Let x(d) = 2*d - 2. Let f be x(6). What is the greatest common divisor of p and f?
10
Let q(x) = 12*x**2 + x + 2. Let l be q(-1). Let f be (12/(-18)*l)/((-6)/9). Let a = -142 + 207. What is the highest common factor of a and f?
13
Suppose -4*b + 108 + 116 = 0. Suppose -549 = -46*o + 95. What is the greatest common divisor of o and b?
14
Suppose 54*g - 106798 + 13287 - 28583 = 0. Calculate the highest common divisor of g and 357.
119
Suppose 17*j - 18*j + 15 = 0. Let c be j/(-5)*3 - -20. Let i be -22*2/(-4)*11. Calculate the highest common factor of i and c.
11
Let g = 19937 + -7331. Calculate the highest common divisor of 955 and g.
191
Let a be (5/1 - 1995)*6/15. Let h be 2/(-4)*(16 + a). Calculate the highest common divisor of 30 and h.
30
Let w(b) = -677*b**3 - 2*b**2 - 18*b - 15. Let j be w(-1). What is the greatest common factor of 4 and j?
2
Let k = -2979 - -6645. Calculate the highest common divisor of k and 117.
39
Let n be 220/11 + -9 + 0. Calculate the highest common divisor of n and 23243.
11
Suppose -4*m - m = -600. Let z(n) = -n + 6. Let b be z(2). Let o(h) = h**3 - 12*h - 4. Let c be o(b). What is the highest common factor of m and c?
12
Let q be 104/6*-3*(-527)/68. Calculate the greatest common factor of q and 31.
31
Suppose -l = 2*y - 31258, l = 894*y - 898*y + 62508. What is the greatest common factor of 125 and y?
125
Let f = 49 + -47. Suppose -2*w - o = -163, 5*o - 255 = -f*w - w. Calculate the greatest common factor of 20 and w.
20
Let l = 19034 + -17144. What is the highest common divisor of 150 and l?
30
Suppose -5*b = c - 715, -c + 110 = -b - 581. What is the greatest common divisor of c and 35?
5
Suppose 5*z + 7163 = 2*h + 23402, 6486 = 2*z - 4*h. Calculate the highest common factor of z and 1881.
171
Suppose -70*m + 66*m - 5*w = -18300, -2*w - 13725 = -3*m. Calculate the greatest common factor of m and 45.
15
Let f be 17*(2 + 14/238). Suppose -m + 5 = -16. What is the highest common divisor of f and m?
7
Suppose 32 = 6*v + 2. Let s be (158/v)/(((-4)/10)/(-1)). Suppose 3*q - s = 2*g + 79, -3*q - 5*g + 151 = 0. What is the highest common divisor of 13 and q?
13
Let v = -3023 + 3667. What is the highest common divisor of 56 and v?
28
Suppose -4*a = 4*v + 4, -3*a + 5*v = 3*v - 22. Suppose 15*d = a*d + 1001. What is the greatest common divisor of d and 13?
13
Let u = -8955 - -18593. What is the greatest common factor of u and 316?
158
Let r be (-1856)/348*9/(-12) - 86*-1. Calculate the greatest common divisor of 765 and r.
45
Let f = -1444 + 1548. What is the highest common factor of f and 533?
13
Let q be ((-30)/(-25))/(130/41925). What is the greatest common divisor of 1763 and q?
43
Let s = -4191 - -4215. What is the greatest common divisor of 256 and s?
8
Suppose 156 = 5*j + 3*r, -j - 2*j + 4*r = -140. What is the greatest common factor of 27252 and j?
36
Suppose 22*d = -6*d + 1820. Let u = d - 35. Suppose -3*a = -2*t - 5*a + 172, t + 5*a - 70 = 0. Calculate the highest common divisor of u and t.
30
Let q = -8301 + 8393. What is the greatest common divisor of 28198 and q?
46
Suppose -1769*d + j = -1772*d + 308, -5*d = 2*j - 511. What is the highest common factor of d and 87?
3
Let n be ((-1375)/100 - -9)*-8. Let c be 1 + -1*-2*85. What is the greatest common factor of c and n?
19
Let w = 13808 + -13682. Calculate the highest common divisor of 903 and w.
21
Suppose -25*n + 4983 = -2267 + 250. What is the greatest common factor of 910 and n?
70
Let o be (-1)/9 - 9190/(-90). Suppose o + 450 = 12*y. What is the highest common divisor of y and 253?
23
Let o = -15 - -20. Calculate the highest common factor of 125 and o.
5
Suppose h + j - 3 = -4*j, 4*h + 11 = 3*j. Let z be (h/(-7) + (-418)/(-7))*1. Calculate the greatest common divisor of z and 36.
12
Let w(s) be the second derivative of -s**5/20 - 2*s**4/3 + 13*s**3/6 - 32*s**2 - 112*s + 2. Let f be w(-14). Calculate the highest common divisor of 30 and f.
30
Suppose 2*y - 2 = 3*h, 0*h = -4*y + 4*h. Let g be (-4 + -28 + y)*-1. Let u = -21 + g. What is the highest common divisor of u and 52?
13
Let d = 2764 - 343. Calculate the highest common divisor of 18 and d.
9
Let o(z) = 98*z - 373. Let d(f) = -47*f + 186. Let t(y) = -9*d(y) - 4*o(y). Let m be t(6). What is the highest common divisor of m and 4?
4
Suppose 0 = -v - 2*s + 87, -4*v = -5*s + 10*s - 360. What is the highest common factor of 185 and v?
5
Let z(c) be the first derivative of -3*c**4/4 + c**3/3 - 5*c**2 - 3*c + 188. Let n be z(-3). Calculate the greatest common divisor of 27 and n.
9
Let v be ((-16)/(-14))/1*112/32. Suppo